5, 7, 2417
What are the prime factors of 2385290?
2, 5, 238529
What are the prime factors of 4091559?
3, 127, 10739
What are the prime factors of 195661?
23, 47, 181
List the prime factors of 329444.
2, 82361
What are the prime factors of 67258?
2, 33629
List the prime factors of 573670.
2, 5, 57367
List the prime factors of 29889707.
29889707
What are the prime factors of 56685?
3, 5, 3779
What are the prime factors of 22210660?
2, 5, 1110533
List the prime factors of 10865057.
7, 17, 91303
What are the prime factors of 675791?
101, 6691
List the prime factors of 5894963.
227, 25969
List the prime factors of 3763427.
3763427
List the prime factors of 213496.
2, 26687
List the prime factors of 20160331.
839, 24029
What are the prime factors of 1243385?
5, 11, 13, 37, 47
What are the prime factors of 210382?
2, 37, 2843
What are the prime factors of 330275?
5, 11, 1201
What are the prime factors of 790037?
829, 953
List the prime factors of 93298.
2, 46649
What are the prime factors of 347491?
19, 18289
List the prime factors of 3229397.
37, 87281
What are the prime factors of 109457?
23, 4759
List the prime factors of 291524.
2, 31, 2351
List the prime factors of 281213.
29, 9697
What are the prime factors of 267983?
73, 3671
What are the prime factors of 12343383?
3, 13, 105499
What are the prime factors of 22397715?
3, 5, 29, 1907
List the prime factors of 896767.
17, 29, 107
List the prime factors of 1062948.
2, 3, 283, 313
What are the prime factors of 176167?
113, 1559
List the prime factors of 12563258.
2, 6281629
What are the prime factors of 222738?
2, 3, 37123
What are the prime factors of 12610925?
5, 353, 1429
List the prime factors of 87958.
2, 13, 17, 199
List the prime factors of 334422.
2, 3, 11, 563
List the prime factors of 382637.
67, 5711
What are the prime factors of 203293?
203293
List the prime factors of 5006563.
59, 84857
What are the prime factors of 247597?
7, 31, 163
What are the prime factors of 29364971?
113, 259867
What are the prime factors of 2416816?
2, 151051
What are the prime factors of 14621?
14621
What are the prime factors of 16277589?
3, 107, 16903
List the prime factors of 235672.
2, 89, 331
List the prime factors of 2090227.
2090227
What are the prime factors of 2749996?
2, 687499
What are the prime factors of 1107045?
3, 5, 73, 337
List the prime factors of 10502158.
2, 17, 308887
What are the prime factors of 150511?
41, 3671
List the prime factors of 3150306.
2, 3, 227, 257
What are the prime factors of 731221?
17, 43013
List the prime factors of 14384940.
2, 3, 5, 197, 1217
What are the prime factors of 157741?
233, 677
What are the prime factors of 18897529?
7, 2699647
What are the prime factors of 1190025?
3, 5, 41, 43
What are the prime factors of 173633?
401, 433
What are the prime factors of 329438?
2, 127, 1297
List the prime factors of 1119601.
7, 73, 313
List the prime factors of 1509708.
2, 3, 97, 1297
List the prime factors of 310065.
3, 5, 7, 2953
What are the prime factors of 205233?
3, 7, 29, 337
What are the prime factors of 30385752?
2, 3, 1266073
What are the prime factors of 503470?
2, 5, 11, 23, 199
List the prime factors of 305740.
2, 5, 15287
List the prime factors of 580276.
2, 145069
List the prime factors of 5952898.
2, 7, 425207
List the prime factors of 5657212.
2, 11, 19, 67, 101
What are the prime factors of 291165?
3, 5, 7, 47, 59
List the prime factors of 6897512.
2, 17, 41, 1237
What are the prime factors of 913100?
2, 5, 23, 397
List the prime factors of 1251957.
3, 7, 59617
List the prime factors of 1531398.
2, 3, 11, 23203
What are the prime factors of 541259?
23, 101, 233
What are the prime factors of 374285?
5, 74857
What are the prime factors of 4341640?
2, 5, 108541
What are the prime factors of 578367?
3, 31, 691
List the prime factors of 683996.
2, 307, 557
List the prime factors of 88845.
3, 5, 5923
What are the prime factors of 883377?
3, 11, 8923
What are the prime factors of 67646?
2, 149, 227
What are the prime factors of 1780418?
2, 211, 4219
List the prime factors of 1214007.
3, 37, 10937
List the prime factors of 1714515.
3, 5, 11, 10391
What are the prime factors of 6757528?
2, 83, 10177
What are the prime factors of 48819?
3, 16273
What are the prime factors of 2007572?
2, 7, 71699
What are the prime factors of 68328?
2, 3, 13, 73
List the prime factors of 4405187.
29, 151903
List the prime factors of 1351274.
2, 587, 1151
List the prime factors of 508866.
2, 3, 84811
What are the prime factors of 126538?
2, 151, 419
List the prime factors of 7717173.
3, 19, 135389
List the prime factors of 5970297.
3, 41, 48539
List the prime factors of 2238244.
2, 559561
List the prime factors of 417293.
417293
What are the prime factors of 16198221?
3, 13, 47, 8837
What are the prime factors of 5537030?
2, 5, 553703
What are the prime factors of 413260?
2, 5, 20663
List the prime factors of 6115572.
2, 3, 257, 661
What are the prime factors of 105190?
2, 5, 67, 157
What are the prime factors of 9063713?
9063713
List the prime factors of 92567.
92567
What are the prime factors of 17817?
3, 5939
List the prime factors of 7078069.
17, 349, 1193
List the prime factors of 8683772.
2, 2170943
List the prime factors of 10113232.
2, 17, 37181
List the prime factors of 160498.
2, 13, 6173
What are the prime factors of 6611344?
2, 359, 1151
What are the prime factors of 176006?
2, 88003
What are the prime factors of 14067629?
14067629
What are the prime factors of 8585611?
8585611
List the prime factors of 1831982.
2, 915991
List the prime factors of 1756334.
2, 878167
List the prime factors of 56257.
101, 557
List the prime factors of 317455.
5, 173, 367
List the prime factors of 202369.
19, 10651
List the prime factors of 8579165.
5, 7, 19, 97
List the prime factors of 4248817.
4248817
What are the prime factors of 262642?
2, 131321
List the prime factors of 19507288.
2, 37, 59, 1117
List the prime factors of 182533.
13, 19, 739
List the prime factors of 2066451.
3, 43, 83, 193
What are the prime factors of 22947211?
7, 3278173
What are the prime factors of 708713?
17, 47, 887
List the prime factors of 15544685.
5, 13, 379, 631
What are the prime factors of 737671?
11, 67061
What are the prime factors of 68184?
2, 3, 947
What are the prime factors of 394559?
11, 35869
List the prime factors of 25028.
2, 6257
What are the prime factors of 83394?
2, 3, 41, 113
What are the prime factors of 21877529?
21877529
What are the prime factors of 170195?
5, 34039
What are the prime factors of 1423097?
13, 109469
List the prime factors of 253036.
2, 7, 1291
List the prime factors of 830237.
830237
List the prime factors of 3274530.
2, 3, 5, 7, 31, 503
What are the prime factors of 615011?
19, 32369
What are the prime factors of 21234893?
61, 71, 4903
What are the prime factors of 1473966?
2, 3, 13, 6299
List the prime factors of 195276.
2, 3, 16273
What are the prime factors of 20524520?
2, 5, 263, 1951
What are the prime factors of 1723215?
3, 5, 13, 8837
List the prime factors of 3701809.
3701809
What are the prime factors of 317578?
2, 97, 1637
List the prime factors of 274947.
3, 37, 2477
List the prime factors of 485224.
2, 131, 463
List the prime factors of 2518674.
2, 3, 271, 1549
List the prime factors of 1663294.
2, 831647
What are the prime factors of 1393372?
2, 43, 8101
What are the prime factors of 3740?
2, 5, 11, 17
What are the prime factors of 15515653?
661, 23473
What are the prime factors of 4175451?
3, 7, 191, 347
List the prime factors of 143201.
89, 1609
What are the prime factors of 7844139?
3, 871571
List the prime factors of 101950.
2, 5, 2039
List the prime factors of 2813868.
2, 3, 78163
List the prime factors of 510204.
2, 3, 17, 41, 61
What are the prime factors of 5167394?
2, 29, 41, 53
List the prime factors of 5164812.
2, 3, 143467
List the prime factors of 1178400.
2, 3, 5, 491
What are the prime factors of 1660644?
2, 3, 163, 283
What are the prime factors of 18089959?
18089959
List the prime factors of 905824.
2, 28307
List the prime factors of 1644374.
2, 19, 109, 397
What are the prime factors of 23101936?
2, 11, 13, 23, 439
What are the prime factors of 10112844?
2, 3, 7, 120391
What are the prime factors of 20866?
2, 10433
List the prime fac